*l - 2 = 3*t + n. What is the units digit of l?
1
Suppose -z - 3 + 37 = 0. What is the tens digit of z?
3
Suppose -4*w = -w - 5*a - 22, -2*a - 4 = 0. Suppose -104 = -4*u - w. What is the tens digit of u?
2
Let g(w) = 14*w + 21. Let m(v) = -5*v - 7. Let q(c) = 2*g(c) + 7*m(c). What is the tens digit of q(-6)?
3
Suppose -38*k + 33 = -37*k. What is the tens digit of k?
3
Suppose -v + 14 + 4 = k, -3*k - v = -44. What is the units digit of k?
3
Let k = 111 - 14. What is the tens digit of k?
9
Let w = -28 - -81. What is the units digit of w?
3
Suppose 10*s - 544 = 2*s. What is the units digit of s?
8
Let i(l) = -l**3 - l**2 + 2*l - 2. Suppose -o + 18 = -2*h + 3*o, 5*h + 27 = 4*o. What is the tens digit of i(h)?
1
Let j be -5 + 5 + (-2 - -1). Let x(r) = 60*r**2 + r. What is the units digit of x(j)?
9
Let y(m) = -10*m - 11. What is the tens digit of y(-7)?
5
What is the tens digit of -55*((-48)/15)/4?
4
Suppose 0 = 2*c + c + 5*v - 46, -5*c + 60 = 5*v. Let w = 13 - c. Suppose 0 = 2*g + 5*i - 53, -3*i = -2*g + 7 + w. What is the tens digit of g?
1
Let y(i) = 2*i + 7. What is the units digit of y(6)?
9
Let j = -15 - 13. Let v be (j/5)/((-1)/5). Suppose 5*c = v + 2. What is the units digit of c?
6
Let h(r) = 2 - 4 - 8*r + 3 - r**2. Suppose 0 = 2*i + c + 3*c + 28, 4*c = -5*i - 52. What is the units digit of h(i)?
1
Let k = 5 + -10. Let t(m) = -m + 7. What is the tens digit of t(k)?
1
Let d(a) = -3*a**2 + 6 + 8*a - 3*a**2 - 2*a**2 + a**3. Let j be d(6). What is the units digit of j/(-2) + 2 + -4?
7
Suppose -3*g = -5*f + 49, 0 = -2*g - 2*f - 1 - 5. Let x = -38 + 23. Let c = g - x. What is the units digit of c?
7
Let w(l) be the first derivative of -l**3/3 - l**2/2 + 2*l - 2. Let m be w(-3). What is the units digit of (-4 - -3)/(2/m)?
2
Let u(i) = -i**3 + i**2 - 1. Let m be u(-2). Let j = m + -7. Suppose -2*a = 4*k + 4, j*k = -5*a - k + 10. What is the units digit of a?
6
Suppose 6 = w - 3. What is the units digit of (w/(-12))/(1/(-4))?
3
Let j = 497 - 284. What is the tens digit of j?
1
Let w = -11 + -3. Let x = -13 - w. What is the units digit of x?
1
Let t(m) = -5*m**3 + m**2 + 2*m + 2. What is the units digit of t(-2)?
2
Suppose 0 = -2*j - g + 520, -5*j + 3*g + 449 = -851. Suppose -3*f = -3*u - 0*f + 183, j = 5*u + 4*f. What is the units digit of u?
6
Suppose 60 = 5*k + f, 2*k + k = 5*f + 36. Suppose -k = o - 2*o. What is the units digit of o?
2
Let j(z) = -z**3 - 9*z**2 - 9*z - 4. Let p be j(-8). Let k(b) = 0 - p - 4 + 3*b. What is the tens digit of k(6)?
1
What is the units digit of (2/(-4))/((-12716)/(-2120) + -6)?
5
What is the units digit of 1*(1 + 4)*1?
5
Suppose -1 = r, -4*a - 3*r = -7*r + 4. Let o be ((-54)/a)/((-2)/(-2)). What is the units digit of (-7)/(-9) + 6/o?
1
What is the units digit of -2 + 0 + -1 - -215?
2
Suppose -12*b + 11 = -11*b. Let t = b + -7. What is the units digit of t?
4
Suppose -38 - 2 = -10*u. What is the units digit of u?
4
Suppose 0 = 2*t + 6, -4*q - t - 2*t = 1. What is the units digit of q?
2
Let b be ((-6)/10)/((-6)/30). Suppose -y + b = -r, 0 = -4*r + 3*r + 3*y - 13. What is the units digit of r?
2
Suppose -3*k + 586 = 4*c + 141, 0 = -2*k - c + 295. What is the tens digit of k?
4
Suppose 0 = 4*v - 3*a - 466, 0*v - 3*v + 349 = -2*a. What is the hundreds digit of v?
1
Let u(h) = -5*h - 4. Let f be (5/15)/(1/(-9)). Let l be -1*1*(-12)/f. What is the tens digit of u(l)?
1
Let z(p) = -p**3 - p**2 + 3. Let f be z(-3). Suppose 4*r - f = 3. What is the units digit of r?
6
Let q(o) = -2*o**3 + 12*o**2 - 6*o + 9. What is the tens digit of q(4)?
4
Let a(c) = 7*c**2 + 2*c - 2. What is the units digit of a(1)?
7
Let t(o) = 3*o - 6. Let u be t(4). Let v be (-4)/u + (-24)/(-9). Let k(i) = 3*i**2 - 3*i + 2. What is the units digit of k(v)?
8
Let n(r) = r**2 - 1. Let x(l) = 6*l**2 - 9*l - 18. Let i(v) = 5*n(v) - x(v). What is the units digit of i(9)?
3
Let x be ((-20)/(-30))/((-4)/(-30)). Suppose 3*a + x*t = 66, 0 = -t + 4*t + 9. What is the units digit of a?
7
Suppose -2*r + k - 19 = 0, -7 = 3*r - 2*r + 2*k. What is the units digit of 38 + 1 - r/(-3)?
6
What is the units digit of (12/(-10))/((-6)/140)?
8
Suppose 12*k - 11*k = 6. Suppose -r + 25 = y, 9 + k = y - r. What is the units digit of y?
0
Let x(g) be the second derivative of -2*g**3/3 + g**2 + 4*g. Let o(r) = 9*r - 5. Let p(z) = -3*o(z) - 7*x(z). What is the units digit of p(3)?
4
Let x(l) be the second derivative of 11*l**3/6 + l**2 - 4*l. What is the tens digit of x(2)?
2
Suppose -2*w - w + 127 = 2*b, b + w = 63. Let o be (1/(-2))/((-1)/6). Suppose 0*p - 3*g - b = -5*p, 5*g - 10 = -o*p. What is the units digit of p?
0
Let z(x) = -x**3 + 9*x**2 - 8*x + 4. Let s be z(8). Let o(n) = -n**2 + 5*n + 3. What is the units digit of o(s)?
7
Let o = 21 - 13. What is the units digit of o?
8
What is the units digit of ((-196)/(-12)*3)/1?
9
Let n = -20 + 36. What is the units digit of n?
6
Let h(c) = c. Let v be h(-5). Let o = 1 - v. Suppose 0*d - o = -d. What is the units digit of d?
6
What is the units digit of 1 - 2 - -88 - 4?
3
Let z = 37 + -76. Let d = z + 66. What is the tens digit of d?
2
Let a(y) = -y**3 + 7*y**2 + 7*y + 2. What is the tens digit of a(7)?
5
Let y(q) = -52*q**3 - q - 1. What is the units digit of y(-1)?
2
Let f(v) = -v + 4. Let u be f(3). Suppose 4*y - 9 + 2 = -x, -x = 2*y - 3. What is the units digit of u + 0 - (-1 - y)?
4
Suppose -4*j = 3*c - 119, 8*j + 138 = 4*c + 3*j. Suppose 4*i + c = 13. Let f(h) = h**3 + 5*h**2 - 5*h + 7. What is the units digit of f(i)?
1
Suppose -2 = -z + 47. Let i = -23 + z. What is the tens digit of i?
2
Let n(r) = 4*r**2 + r - 2. Let h be n(-2). Suppose h = i + 3*i. What is the units digit of i?
3
Let j(k) = -k**2 + 3*k + 3. Let n be j(7). Let b = 45 + n. What is the tens digit of b?
2
Let n(q) = q**2 + 4*q + 5. Let r be n(-3). Suppose m + 4*i + 2 = r*m, 0 = -4*m + i + 83. What is the units digit of m?
2
Suppose y - 138 = -3*y + 5*c, 3*y - 3*c - 102 = 0. What is the units digit of y?
2
Suppose 0 = -5*j + s + 467, -j + 3*j - s - 188 = 0. What is the units digit of j?
3
Suppose 0 = 3*n - 111 - 141. Suppose u = 5*u - n. Suppose -2*v = -u + 7. What is the units digit of v?
7
Let f = -4 - -7. Suppose f*b + 2*b = 0. Suppose b = -r - r + 12. What is the units digit of r?
6
Let g = -66 + 125. What is the units digit of g?
9
Let n(f) be the first derivative of 5*f**2/2 - f - 7. What is the tens digit of n(6)?
2
Suppose 5*w + 30 = 4*q, 3*q - 5*q = -2*w - 14. What is the units digit of 7 - (w/2 + 1)?
7
Let g(f) = -f**2 - 5*f - 5. Let w be g(-9). Let i = 80 + w. Let h = i - 23. What is the units digit of h?
6
Let p = 5 + -6. What is the units digit of (-1340)/(-50) + p/(-5)?
7
Let z(o) = 8*o - 11. Let q(k) = -12*k + 17. Let x(g) = 5*q(g) + 8*z(g). Let a = -5 + 8. What is the units digit of x(a)?
9
Suppose -3*i - 17 = z - 67, -3*z + 60 = 4*i. What is the tens digit of i?
1
Let u(i) = 7*i - 13. Let q be u(7). Suppose -2*l + 3*t + t - 4 = 0, -5*t = 2*l - 5. Suppose -5*a - z + 53 = l, z - q = -3*a - z. What is the tens digit of a?
1
Let z be (-2 - 1*-2) + -8. Let i = z - -12. What is the units digit of i?
4
Let s(v) be the first derivative of v**2/2 - 1. Let d be s(2). Suppose 15 = d*l - 5. What is the tens digit of l?
1
Suppose 2*s = n - 7, -2*n - 5*s - 4 = -0. Let g be 0/n*1/(-2). Suppose g = -v + 6 + 3. What is the units digit of v?
9
Let j be 400/70 + 2/7. Let a(x) = -x**3 + 6*x**2 + 3*x + 10. What is the units digit of a(j)?
8
Suppose -3*y + 10*h - 9*h + 283 = 0, -h - 1 = 0. What is the units digit of y?
4
Let z = -22 + 31. Let m = z + 0. What is the units digit of m?
9
Suppose -3*i + 0*i = -12. Suppose -n - 5*c = -17, i*n + 5*c - 19 = 2*n. Suppose 0 = 2*q, -n*d - 2*q + 12 = -4. What is the units digit of d?
8
Suppose 2*m - 4 = 0, -63 - 121 = -4*l - 2*m. What is the units digit of l?
5
Let v = -1 + 6. Let f = 5 + -1. Suppose -f*a + v*q + 30 = a, -3*a = q - 18. What is the units digit of a?
6
What is the tens digit of (7/3 + -2)/((-6)/(-1782))?
9
Suppose 3*o + x - 17 = 0, -5*o - 5*x + 24 + 21 = 0. Let b = 14 - 11. Suppose -b*g + 4 = 2*p - p, 4*p - 16 = -o*g. What is the units digit of p?
4
Let y = -2 - -3. Let l be 4*y/6*-3. What is the units digit of (l*1 + 8)/1?
6
Let j = -11 - -18. Let f = j + -4. Suppose -2*c - 3*k + 16 = f*c, -8 = -5*c + k.